git of 385247?
5
What is the hundreds digit of 256797?
7
What is the thousands digit of 521532?
1
What is the units digit of 2810033?
3
What is the hundred thousands digit of 7899879?
8
What is the hundreds digit of 45547?
5
What is the ten thousands digit of 7692193?
9
What is the ten thousands digit of 58066?
5
What is the hundreds digit of 1111580?
5
What is the thousands digit of 4213448?
3
What is the hundreds digit of 1021423?
4
What is the tens digit of 318001?
0
What is the ten thousands digit of 2270320?
7
What is the hundred thousands digit of 5419961?
4
What is the ten thousands digit of 255684?
5
What is the thousands digit of 672872?
2
What is the ten thousands digit of 2393950?
9
What is the hundreds digit of 271808?
8
What is the ten thousands digit of 2108603?
0
What is the units digit of 1756634?
4
What is the hundreds digit of 2571042?
0
What is the millions digit of 1494208?
1
What is the hundreds digit of 2250941?
9
What is the hundred thousands digit of 266803?
2
What is the ten thousands digit of 281941?
8
What is the hundred thousands digit of 3761857?
7
What is the hundreds digit of 1939040?
0
What is the tens digit of 64553?
5
What is the hundred thousands digit of 109072?
1
What is the thousands digit of 153582?
3
What is the hundred thousands digit of 3456888?
4
What is the hundred thousands digit of 1645958?
6
What is the millions digit of 1074854?
1
What is the hundreds digit of 8268147?
1
What is the tens digit of 6017354?
5
What is the hundred thousands digit of 35908880?
9
What is the hundred thousands digit of 29092655?
0
What is the hundred thousands digit of 371278?
3
What is the millions digit of 12916086?
2
What is the tens digit of 537519?
1
What is the units digit of 25941844?
4
What is the hundred thousands digit of 14532964?
5
What is the hundred thousands digit of 3188384?
1
What is the hundreds digit of 4221212?
2
What is the hundreds digit of 5798978?
9
What is the thousands digit of 285467?
5
What is the ten thousands digit of 36291911?
9
What is the thousands digit of 5963839?
3
What is the millions digit of 1911240?
1
What is the thousands digit of 22777691?
7
What is the units digit of 2222082?
2
What is the tens digit of 2442044?
4
What is the thousands digit of 147822?
7
What is the hundreds digit of 231587?
5
What is the hundred thousands digit of 544279?
5
What is the units digit of 43391?
1
What is the thousands digit of 282853?
2
What is the ten thousands digit of 60034?
6
What is the tens digit of 3138430?
3
What is the units digit of 892776?
6
What is the hundred thousands digit of 376765?
3
What is the hundreds digit of 4819214?
2
What is the thousands digit of 1660294?
0
What is the units digit of 1024719?
9
What is the thousands digit of 867022?
7
What is the ten thousands digit of 235085?
3
What is the hundreds digit of 2192?
1
What is the units digit of 7119403?
3
What is the ten thousands digit of 865639?
6
What is the thousands digit of 1186366?
6
What is the thousands digit of 2603125?
3
What is the thousands digit of 5996978?
6
What is the ten thousands digit of 10540506?
4
What is the tens digit of 3601272?
7
What is the millions digit of 2266038?
2
What is the hundred thousands digit of 3144768?
1
What is the hundreds digit of 2109042?
0
What is the units digit of 11884106?
6
What is the ten thousands digit of 708489?
0
What is the units digit of 5282494?
4
What is the ten thousands digit of 658475?
5
What is the ten thousands digit of 327387?
2
What is the units digit of 1599889?
9
What is the hundreds digit of 30320?
3
What is the hundreds digit of 40383823?
8
What is the tens digit of 8620482?
8
What is the tens digit of 186892?
9
What is the hundreds digit of 9237150?
1
What is the units digit of 750570?
0
What is the hundred thousands digit of 6656293?
6
What is the tens digit of 468983?
8
What is the hundred thousands digit of 2002713?
0
What is the units digit of 803465?
5
What is the ten thousands digit of 326680?
2
What is the ten thousands digit of 14701158?
0
What is the thousands digit of 331137?
1
What is the ten thousands digit of 549288?
4
What is the hundred thousands digit of 6645050?
6
What is the hundred thousands digit of 1012750?
0
What is the tens digit of 415184?
8
What is the thousands digit of 3138672?
8
What is the tens digit of 1447904?
0
What is the hundred thousands digit of 3899329?
8
What is the units digit of 211435?
5
What is the ten thousands digit of 3047008?
4
What is the thousands digit of 452739?
2
What is the ten thousands digit of 168585?
6
What is the tens digit of 67466?
6
What is the hundred thousands digit of 859371?
8
What is the ten thousands digit of 13920?
1
What is the hundreds digit of 507240?
2
What is the thousands digit of 449949?
9
What is the thousands digit of 5216176?
6
What is the hundred thousands digit of 2483731?
4
What is the tens digit of 544701?
0
What is the thousands digit of 145695?
5
What is the hundred thousands digit of 499524?
4
What is the tens digit of 1956640?
4
What is the tens digit of 197555?
5
What is the ten thousands digit of 20680572?
8
What is the units digit of 11131?
1
What is the tens digit of 1696633?
3
What is the hundred thousands digit of 476933?
4
What is the hundreds digit of 167571?
5
What is the ten thousands digit of 14390790?
9
What is the thousands digit of 2510502?
0
What is the ten thousands digit of 335369?
3
What is the hundreds digit of 976687?
6
What is the tens digit of 1697224?
2
What is the millions digit of 3322033?
3
What is the tens digit of 105126?
2
What is the units digit of 229071?
1
What is the thousands digit of 922576?
2
What is the ten millions digit of 22208930?
2
What is the thousands digit of 194443?
4
What is the hundreds digit of 185527?
5
What is the thousands digit of 30222853?
2
What is the thousands digit of 5474121?
4
What is the thousands digit of 7591402?
1
What is the hundreds digit of 320229?
2
What is the thousands digit of 23926097?
6
What is the ten thousands digit of 3031506?
3
What is the hundreds digit of 393833?
8
What is the thousands digit of 168947?
8
What is the hundreds digit of 72369?
3
What is the units digit of 122298?
8
What is the units digit of 23885123?
3
What is the hundreds digit of 3334473?
4
What is the hundred thousands digit of 161013?
1
What is the units digit of 562443?
3
What is the hundreds digit of 256228?
2
What is the thousands digit of 4887159?
7
What is the thousands digit of 334079?
4
What is the units digit of 1525699?
9
What is the hundred thousands digit of 221793?
2
What is the ten thousands digit of 5961512?
6
What is the ten thousands digit of 154331?
5
What is the tens digit of 14738700?
0
What is the hundred thousands digit of 9369748?
3
What is the units digit of 1623575?
5
What is the units digit of 15791958?
8
What is the units digit of 4695916?
6
What is the hundreds digit of 7463874?
8
What is the hundreds digit of 4678949?
9
What is the units digit of 5207909?
9
What is the thousands digit of 11390379?
0
What is the ten thousands digit of 445149?
4
What is the tens digit of 195157?
5
What is the tens digit of 610095?
9
What is the hundreds digit of 1943854?
8
What is the units digit of 5898038?
8
What is the thousands digit of 227765?
7
What is the thousands digit of 2969052?
9
What is the hundreds digit of 13537231?
2
What is the units digit of 4223822?
2
What is the hundred thousands digit of 3009398?
0
What is the hundred thousands digit of 152926?
1
What is the tens digit of 3586092?
9
What is the thousands digit of 7105263?
5
What is the thousands digit of 414391?
4
What is the ten thousands digit of 834173?
3
What is the ten thousands digit of 185405?
8
What is the ten thousands digit of 3109327?
0
What is the thousands digit of 128437?
8
What is the hundreds digit of 772919?
9
What is the hundreds digit of 2476003?
0
What is the hundred thousands digit of 5159729?
1
What is the hundreds digit of 7173088?
0
What is the ten thousands digit of 2243927?
4
What is the hundreds digit of 8572?
5
What is the hundred thousands digit of 1404185?
4
What is the hundred thousands digit of 498230?
4
What is the units digit of 297171?
1
What is the ten thousands digit of 1022323?
2
What is the hundreds di